{"id":1020,"date":"2022-03-16T09:42:29","date_gmt":"2022-03-16T08:42:29","guid":{"rendered":"https:\/\/www.myplacehotel.it\/?page_id=1020"},"modified":"2022-03-30T10:51:09","modified_gmt":"2022-03-30T08:51:09","slug":"my-place","status":"publish","type":"page","link":"https:\/\/www.myplacehotel.it\/fr\/my-place\/","title":{"rendered":"My Place"},"content":{"rendered":"\n<p>L&rsquo;h\u00f4tel My Place, situ\u00e9 <strong>\u00e0 quelques pas de la mer<\/strong>, est entour\u00e9 de verdure dans un quartier r\u00e9sidentiel unique de <strong>Marina Centro<\/strong>, \u00e0 15 minutes \u00e0 pied du centre historique de Rimini et du village pittoresque de San Giuliano.<\/p>\n\n\n\n<div class=\"wp-block-columns is-layout-flex wp-container-core-columns-is-layout-9d6595d7 wp-block-columns-is-layout-flex\">\n<div class=\"wp-block-column wow slideInLeft is-layout-flow wp-block-column-is-layout-flow\">\n<p>En fl\u00e2nant entre le Port et le Grand H\u00f4tel, entre l&rsquo;Arc d&rsquo;Auguste et le Pont de Tib\u00e8re, vous pourrez savourer et revenir sur les lieux chers \u00e0 Federico Fellini, en respirant un air artistique, culturel et\u2026 marin de toute beaut\u00e9!<\/p>\n\n\n\n<p>Vous pourrez opter pour la <strong>nuit\u00e9e avec petit-d\u00e9jeuner<\/strong>, la <strong>demi-pension<\/strong> ou la <strong>pension compl\u00e8te<\/strong>.<\/p>\n\n\n\n<p>Notre \u00e9tablissement dispose d&rsquo;un <strong>parking ferm\u00e9<\/strong> et d&rsquo;<strong>une piscine avec solarium<\/strong> o\u00f9 vous pourrez profiter de<br>votre s\u00e9jour en toute d\u00e9tente, et offre la possibilit\u00e9 de louer des <strong>v\u00e9los<\/strong>.<\/p>\n<\/div>\n\n\n\n<div class=\"wp-block-column wow slideInRight is-layout-flow wp-block-column-is-layout-flow\">\n<figure class=\"wp-block-image size-large\"><img fetchpriority=\"high\" decoding=\"async\" width=\"1024\" height=\"614\" src=\"https:\/\/www.myplacehotel.it\/wp-content\/uploads\/2022\/02\/2022-hotel-esterno-1024x614.jpg\" alt=\"\" class=\"wp-image-794\" srcset=\"https:\/\/www.myplacehotel.it\/wp-content\/uploads\/2022\/02\/2022-hotel-esterno-1024x614.jpg 1024w, https:\/\/www.myplacehotel.it\/wp-content\/uploads\/2022\/02\/2022-hotel-esterno-300x180.jpg 300w, https:\/\/www.myplacehotel.it\/wp-content\/uploads\/2022\/02\/2022-hotel-esterno-768x461.jpg 768w, https:\/\/www.myplacehotel.it\/wp-content\/uploads\/2022\/02\/2022-hotel-esterno-1600x960.jpg 1600w, https:\/\/www.myplacehotel.it\/wp-content\/uploads\/2022\/02\/2022-hotel-esterno-1536x922.jpg 1536w, https:\/\/www.myplacehotel.it\/wp-content\/uploads\/2022\/02\/2022-hotel-esterno-2048x1229.jpg 2048w\" sizes=\"(max-width: 1024px) 100vw, 1024px\" \/><\/figure>\n<\/div>\n<\/div>\n\n\n\n<figure class=\"wp-block-gallery has-nested-images columns-default is-cropped wp-block-gallery-1 is-layout-flex wp-block-gallery-is-layout-flex\">\n<figure class=\"wp-block-image size-large\"><img decoding=\"async\" width=\"1024\" height=\"726\" data-id=\"666\" src=\"https:\/\/www.myplacehotel.it\/wp-content\/uploads\/2021\/05\/COCCINELLA-001B-1024x726.jpg\" alt=\"\" class=\"wp-image-666\" srcset=\"https:\/\/www.myplacehotel.it\/wp-content\/uploads\/2021\/05\/COCCINELLA-001B-1024x726.jpg 1024w, https:\/\/www.myplacehotel.it\/wp-content\/uploads\/2021\/05\/COCCINELLA-001B-300x213.jpg 300w, https:\/\/www.myplacehotel.it\/wp-content\/uploads\/2021\/05\/COCCINELLA-001B-768x544.jpg 768w, https:\/\/www.myplacehotel.it\/wp-content\/uploads\/2021\/05\/COCCINELLA-001B-1536x1089.jpg 1536w, https:\/\/www.myplacehotel.it\/wp-content\/uploads\/2021\/05\/COCCINELLA-001B-2048x1452.jpg 2048w\" sizes=\"(max-width: 1024px) 100vw, 1024px\" \/><\/figure>\n\n\n\n<figure class=\"wp-block-image size-large\"><img decoding=\"async\" width=\"1000\" height=\"833\" data-id=\"402\" src=\"https:\/\/www.myplacehotel.it\/wp-content\/uploads\/2021\/05\/camera-.jpg\" alt=\"\" class=\"wp-image-402\" srcset=\"https:\/\/www.myplacehotel.it\/wp-content\/uploads\/2021\/05\/camera-.jpg 1000w, https:\/\/www.myplacehotel.it\/wp-content\/uploads\/2021\/05\/camera--300x250.jpg 300w, https:\/\/www.myplacehotel.it\/wp-content\/uploads\/2021\/05\/camera--768x640.jpg 768w\" sizes=\"(max-width: 1000px) 100vw, 1000px\" \/><\/figure>\n\n\n\n<figure class=\"wp-block-image size-large\"><img loading=\"lazy\" decoding=\"async\" width=\"768\" height=\"1024\" data-id=\"820\" src=\"https:\/\/www.myplacehotel.it\/wp-content\/uploads\/2022\/02\/ee34cc7f-df72-4cdb-8003-2e229b03b23c-768x1024.jpg\" alt=\"\" class=\"wp-image-820\" srcset=\"https:\/\/www.myplacehotel.it\/wp-content\/uploads\/2022\/02\/ee34cc7f-df72-4cdb-8003-2e229b03b23c-768x1024.jpg 768w, https:\/\/www.myplacehotel.it\/wp-content\/uploads\/2022\/02\/ee34cc7f-df72-4cdb-8003-2e229b03b23c-225x300.jpg 225w, https:\/\/www.myplacehotel.it\/wp-content\/uploads\/2022\/02\/ee34cc7f-df72-4cdb-8003-2e229b03b23c-1152x1536.jpg 1152w, https:\/\/www.myplacehotel.it\/wp-content\/uploads\/2022\/02\/ee34cc7f-df72-4cdb-8003-2e229b03b23c.jpg 1200w\" sizes=\"(max-width: 768px) 100vw, 768px\" \/><\/figure>\n<\/figure>\n","protected":false},"excerpt":{"rendered":"<p>L&rsquo;h\u00f4tel My Place, situ\u00e9 \u00e0 quelques pas de la mer, est entour\u00e9 de verdure dans un quartier r\u00e9sidentiel unique de Marina Centro, \u00e0 15 minutes \u00e0 pied du centre historique de Rimini et du village pittoresque de San Giuliano. En fl\u00e2nant entre le Port et le Grand H\u00f4tel, entre l&rsquo;Arc d&rsquo;Auguste et le Pont de [&hellip;]<\/p>\n","protected":false},"author":1,"featured_media":794,"parent":0,"menu_order":0,"comment_status":"closed","ping_status":"closed","template":"","meta":{"_acf_changed":false,"footnotes":""},"class_list":["post-1020","page","type-page","status-publish","has-post-thumbnail","hentry"],"acf":[],"yoast_head":"<!-- This site is optimized with the Yoast SEO plugin v27.0 - https:\/\/yoast.com\/product\/yoast-seo-wordpress\/ -->\n<title>My Place - My Place Hotel<\/title>\n<meta name=\"robots\" content=\"index, follow, max-snippet:-1, max-image-preview:large, max-video-preview:-1\" \/>\n<link rel=\"canonical\" href=\"https:\/\/www.myplacehotel.it\/fr\/my-place\/\" \/>\n<meta property=\"og:locale\" content=\"fr_FR\" \/>\n<meta property=\"og:type\" content=\"article\" \/>\n<meta property=\"og:title\" content=\"My Place - My Place Hotel\" \/>\n<meta property=\"og:description\" content=\"L&rsquo;h\u00f4tel My Place, situ\u00e9 \u00e0 quelques pas de la mer, est entour\u00e9 de verdure dans un quartier r\u00e9sidentiel unique de Marina Centro, \u00e0 15 minutes \u00e0 pied du centre historique de Rimini et du village pittoresque de San Giuliano. En fl\u00e2nant entre le Port et le Grand H\u00f4tel, entre l&rsquo;Arc d&rsquo;Auguste et le Pont de [&hellip;]\" \/>\n<meta property=\"og:url\" content=\"https:\/\/www.myplacehotel.it\/fr\/my-place\/\" \/>\n<meta property=\"og:site_name\" content=\"My Place Hotel\" \/>\n<meta property=\"article:modified_time\" content=\"2022-03-30T08:51:09+00:00\" \/>\n<meta property=\"og:image\" content=\"https:\/\/www.myplacehotel.it\/wp-content\/uploads\/2022\/02\/2022-hotel-esterno.jpg\" \/>\n\t<meta property=\"og:image:width\" content=\"2480\" \/>\n\t<meta property=\"og:image:height\" content=\"1488\" \/>\n\t<meta property=\"og:image:type\" content=\"image\/jpeg\" \/>\n<meta name=\"twitter:card\" content=\"summary_large_image\" \/>\n<meta name=\"twitter:label1\" content=\"Dur\u00e9e de lecture estim\u00e9e\" \/>\n\t<meta name=\"twitter:data1\" content=\"2 minutes\" \/>\n<script type=\"application\/ld+json\" class=\"yoast-schema-graph\">{\"@context\":\"https:\/\/schema.org\",\"@graph\":[{\"@type\":\"WebPage\",\"@id\":\"https:\/\/www.myplacehotel.it\/fr\/my-place\/\",\"url\":\"https:\/\/www.myplacehotel.it\/fr\/my-place\/\",\"name\":\"My Place - My Place Hotel\",\"isPartOf\":{\"@id\":\"https:\/\/www.myplacehotel.it\/fr\/#website\"},\"primaryImageOfPage\":{\"@id\":\"https:\/\/www.myplacehotel.it\/fr\/my-place\/#primaryimage\"},\"image\":{\"@id\":\"https:\/\/www.myplacehotel.it\/fr\/my-place\/#primaryimage\"},\"thumbnailUrl\":\"https:\/\/www.myplacehotel.it\/wp-content\/uploads\/2022\/02\/2022-hotel-esterno.jpg\",\"datePublished\":\"2022-03-16T08:42:29+00:00\",\"dateModified\":\"2022-03-30T08:51:09+00:00\",\"breadcrumb\":{\"@id\":\"https:\/\/www.myplacehotel.it\/fr\/my-place\/#breadcrumb\"},\"inLanguage\":\"fr-FR\",\"potentialAction\":[{\"@type\":\"ReadAction\",\"target\":[\"https:\/\/www.myplacehotel.it\/fr\/my-place\/\"]}]},{\"@type\":\"ImageObject\",\"inLanguage\":\"fr-FR\",\"@id\":\"https:\/\/www.myplacehotel.it\/fr\/my-place\/#primaryimage\",\"url\":\"https:\/\/www.myplacehotel.it\/wp-content\/uploads\/2022\/02\/2022-hotel-esterno.jpg\",\"contentUrl\":\"https:\/\/www.myplacehotel.it\/wp-content\/uploads\/2022\/02\/2022-hotel-esterno.jpg\",\"width\":2480,\"height\":1488},{\"@type\":\"BreadcrumbList\",\"@id\":\"https:\/\/www.myplacehotel.it\/fr\/my-place\/#breadcrumb\",\"itemListElement\":[{\"@type\":\"ListItem\",\"position\":1,\"name\":\"Home\",\"item\":\"https:\/\/www.myplacehotel.it\/fr\/\"},{\"@type\":\"ListItem\",\"position\":2,\"name\":\"My Place\"}]},{\"@type\":\"WebSite\",\"@id\":\"https:\/\/www.myplacehotel.it\/fr\/#website\",\"url\":\"https:\/\/www.myplacehotel.it\/fr\/\",\"name\":\"My Place Hotel\",\"description\":\"\",\"potentialAction\":[{\"@type\":\"SearchAction\",\"target\":{\"@type\":\"EntryPoint\",\"urlTemplate\":\"https:\/\/www.myplacehotel.it\/fr\/?s={search_term_string}\"},\"query-input\":{\"@type\":\"PropertyValueSpecification\",\"valueRequired\":true,\"valueName\":\"search_term_string\"}}],\"inLanguage\":\"fr-FR\"}]}<\/script>\n<!-- \/ Yoast SEO plugin. -->","yoast_head_json":{"title":"My Place - My Place Hotel","robots":{"index":"index","follow":"follow","max-snippet":"max-snippet:-1","max-image-preview":"max-image-preview:large","max-video-preview":"max-video-preview:-1"},"canonical":"https:\/\/www.myplacehotel.it\/fr\/my-place\/","og_locale":"fr_FR","og_type":"article","og_title":"My Place - My Place Hotel","og_description":"L&rsquo;h\u00f4tel My Place, situ\u00e9 \u00e0 quelques pas de la mer, est entour\u00e9 de verdure dans un quartier r\u00e9sidentiel unique de Marina Centro, \u00e0 15 minutes \u00e0 pied du centre historique de Rimini et du village pittoresque de San Giuliano. En fl\u00e2nant entre le Port et le Grand H\u00f4tel, entre l&rsquo;Arc d&rsquo;Auguste et le Pont de [&hellip;]","og_url":"https:\/\/www.myplacehotel.it\/fr\/my-place\/","og_site_name":"My Place Hotel","article_modified_time":"2022-03-30T08:51:09+00:00","og_image":[{"width":2480,"height":1488,"url":"https:\/\/www.myplacehotel.it\/wp-content\/uploads\/2022\/02\/2022-hotel-esterno.jpg","type":"image\/jpeg"}],"twitter_card":"summary_large_image","twitter_misc":{"Dur\u00e9e de lecture estim\u00e9e":"2 minutes"},"schema":{"@context":"https:\/\/schema.org","@graph":[{"@type":"WebPage","@id":"https:\/\/www.myplacehotel.it\/fr\/my-place\/","url":"https:\/\/www.myplacehotel.it\/fr\/my-place\/","name":"My Place - My Place Hotel","isPartOf":{"@id":"https:\/\/www.myplacehotel.it\/fr\/#website"},"primaryImageOfPage":{"@id":"https:\/\/www.myplacehotel.it\/fr\/my-place\/#primaryimage"},"image":{"@id":"https:\/\/www.myplacehotel.it\/fr\/my-place\/#primaryimage"},"thumbnailUrl":"https:\/\/www.myplacehotel.it\/wp-content\/uploads\/2022\/02\/2022-hotel-esterno.jpg","datePublished":"2022-03-16T08:42:29+00:00","dateModified":"2022-03-30T08:51:09+00:00","breadcrumb":{"@id":"https:\/\/www.myplacehotel.it\/fr\/my-place\/#breadcrumb"},"inLanguage":"fr-FR","potentialAction":[{"@type":"ReadAction","target":["https:\/\/www.myplacehotel.it\/fr\/my-place\/"]}]},{"@type":"ImageObject","inLanguage":"fr-FR","@id":"https:\/\/www.myplacehotel.it\/fr\/my-place\/#primaryimage","url":"https:\/\/www.myplacehotel.it\/wp-content\/uploads\/2022\/02\/2022-hotel-esterno.jpg","contentUrl":"https:\/\/www.myplacehotel.it\/wp-content\/uploads\/2022\/02\/2022-hotel-esterno.jpg","width":2480,"height":1488},{"@type":"BreadcrumbList","@id":"https:\/\/www.myplacehotel.it\/fr\/my-place\/#breadcrumb","itemListElement":[{"@type":"ListItem","position":1,"name":"Home","item":"https:\/\/www.myplacehotel.it\/fr\/"},{"@type":"ListItem","position":2,"name":"My Place"}]},{"@type":"WebSite","@id":"https:\/\/www.myplacehotel.it\/fr\/#website","url":"https:\/\/www.myplacehotel.it\/fr\/","name":"My Place Hotel","description":"","potentialAction":[{"@type":"SearchAction","target":{"@type":"EntryPoint","urlTemplate":"https:\/\/www.myplacehotel.it\/fr\/?s={search_term_string}"},"query-input":{"@type":"PropertyValueSpecification","valueRequired":true,"valueName":"search_term_string"}}],"inLanguage":"fr-FR"}]}},"_links":{"self":[{"href":"https:\/\/www.myplacehotel.it\/fr\/wp-json\/wp\/v2\/pages\/1020","targetHints":{"allow":["GET"]}}],"collection":[{"href":"https:\/\/www.myplacehotel.it\/fr\/wp-json\/wp\/v2\/pages"}],"about":[{"href":"https:\/\/www.myplacehotel.it\/fr\/wp-json\/wp\/v2\/types\/page"}],"author":[{"embeddable":true,"href":"https:\/\/www.myplacehotel.it\/fr\/wp-json\/wp\/v2\/users\/1"}],"replies":[{"embeddable":true,"href":"https:\/\/www.myplacehotel.it\/fr\/wp-json\/wp\/v2\/comments?post=1020"}],"version-history":[{"count":2,"href":"https:\/\/www.myplacehotel.it\/fr\/wp-json\/wp\/v2\/pages\/1020\/revisions"}],"predecessor-version":[{"id":1068,"href":"https:\/\/www.myplacehotel.it\/fr\/wp-json\/wp\/v2\/pages\/1020\/revisions\/1068"}],"wp:featuredmedia":[{"embeddable":true,"href":"https:\/\/www.myplacehotel.it\/fr\/wp-json\/wp\/v2\/media\/794"}],"wp:attachment":[{"href":"https:\/\/www.myplacehotel.it\/fr\/wp-json\/wp\/v2\/media?parent=1020"}],"curies":[{"name":"wp","href":"https:\/\/api.w.org\/{rel}","templated":true}]}}

<p>L&rsquo;hôtel My Place, situé <strong>à quelques pas de la mer</strong>, est entouré de verdure dans un quartier résidentiel unique de <strong>Marina Centro</strong>, à 15 minutes à pied du centre historique de Rimini et du village pittoresque de San Giuliano.</p>



<div class="wp-block-columns is-layout-flex wp-container-core-columns-is-layout-9d6595d7 wp-block-columns-is-layout-flex">
<div class="wp-block-column wow slideInLeft is-layout-flow wp-block-column-is-layout-flow">
<p>En flânant entre le Port et le Grand Hôtel, entre l&rsquo;Arc d&rsquo;Auguste et le Pont de Tibère, vous pourrez savourer et revenir sur les lieux chers à Federico Fellini, en respirant un air artistique, culturel et… marin de toute beauté!</p>



<p>Vous pourrez opter pour la <strong>nuitée avec petit-déjeuner</strong>, la <strong>demi-pension</strong> ou la <strong>pension complète</strong>.</p>



<p>Notre établissement dispose d&rsquo;un <strong>parking fermé</strong> et d&rsquo;<strong>une piscine avec solarium</strong> où vous pourrez profiter de<br>votre séjour en toute détente, et offre la possibilité de louer des <strong>vélos</strong>.</p>
</div>



<div class="wp-block-column wow slideInRight is-layout-flow wp-block-column-is-layout-flow">
<figure class="wp-block-image size-large"><img fetchpriority="high" decoding="async" width="1024" height="614" src="https://www.myplacehotel.it/wp-content/uploads/2022/02/2022-hotel-esterno-1024x614.jpg" alt="" class="wp-image-794" srcset="https://www.myplacehotel.it/wp-content/uploads/2022/02/2022-hotel-esterno-1024x614.jpg 1024w, https://www.myplacehotel.it/wp-content/uploads/2022/02/2022-hotel-esterno-300x180.jpg 300w, https://www.myplacehotel.it/wp-content/uploads/2022/02/2022-hotel-esterno-768x461.jpg 768w, https://www.myplacehotel.it/wp-content/uploads/2022/02/2022-hotel-esterno-1600x960.jpg 1600w, https://www.myplacehotel.it/wp-content/uploads/2022/02/2022-hotel-esterno-1536x922.jpg 1536w, https://www.myplacehotel.it/wp-content/uploads/2022/02/2022-hotel-esterno-2048x1229.jpg 2048w" sizes="(max-width: 1024px) 100vw, 1024px" /></figure>
</div>
</div>



<figure class="wp-block-gallery has-nested-images columns-default is-cropped wp-block-gallery-1 is-layout-flex wp-block-gallery-is-layout-flex">
<figure class="wp-block-image size-large"><img decoding="async" width="1024" height="726" data-id="666" src="https://www.myplacehotel.it/wp-content/uploads/2021/05/COCCINELLA-001B-1024x726.jpg" alt="" class="wp-image-666" srcset="https://www.myplacehotel.it/wp-content/uploads/2021/05/COCCINELLA-001B-1024x726.jpg 1024w, https://www.myplacehotel.it/wp-content/uploads/2021/05/COCCINELLA-001B-300x213.jpg 300w, https://www.myplacehotel.it/wp-content/uploads/2021/05/COCCINELLA-001B-768x544.jpg 768w, https://www.myplacehotel.it/wp-content/uploads/2021/05/COCCINELLA-001B-1536x1089.jpg 1536w, https://www.myplacehotel.it/wp-content/uploads/2021/05/COCCINELLA-001B-2048x1452.jpg 2048w" sizes="(max-width: 1024px) 100vw, 1024px" /></figure>



<figure class="wp-block-image size-large"><img decoding="async" width="1000" height="833" data-id="402" src="https://www.myplacehotel.it/wp-content/uploads/2021/05/camera-.jpg" alt="" class="wp-image-402" srcset="https://www.myplacehotel.it/wp-content/uploads/2021/05/camera-.jpg 1000w, https://www.myplacehotel.it/wp-content/uploads/2021/05/camera--300x250.jpg 300w, https://www.myplacehotel.it/wp-content/uploads/2021/05/camera--768x640.jpg 768w" sizes="(max-width: 1000px) 100vw, 1000px" /></figure>



<figure class="wp-block-image size-large"><img loading="lazy" decoding="async" width="768" height="1024" data-id="820" src="https://www.myplacehotel.it/wp-content/uploads/2022/02/ee34cc7f-df72-4cdb-8003-2e229b03b23c-768x1024.jpg" alt="" class="wp-image-820" srcset="https://www.myplacehotel.it/wp-content/uploads/2022/02/ee34cc7f-df72-4cdb-8003-2e229b03b23c-768x1024.jpg 768w, https://www.myplacehotel.it/wp-content/uploads/2022/02/ee34cc7f-df72-4cdb-8003-2e229b03b23c-225x300.jpg 225w, https://www.myplacehotel.it/wp-content/uploads/2022/02/ee34cc7f-df72-4cdb-8003-2e229b03b23c-1152x1536.jpg 1152w, https://www.myplacehotel.it/wp-content/uploads/2022/02/ee34cc7f-df72-4cdb-8003-2e229b03b23c.jpg 1200w" sizes="(max-width: 768px) 100vw, 768px" /></figure>
</figure>

<p>L&rsquo;hôtel My Place, situé à quelques pas de la mer, est entouré de verdure dans un quartier résidentiel unique de Marina Centro, à 15 minutes à pied du centre historique de Rimini et du village pittoresque de San Giuliano. En flânant entre le Port et le Grand Hôtel, entre l&rsquo;Arc d&rsquo;Auguste et le Pont de [&hellip;]</p>

<!-- This site is optimized with the Yoast SEO plugin v27.0 - https://yoast.com/product/yoast-seo-wordpress/ -->
<title>My Place - My Place Hotel</title>
<meta name="robots" content="index, follow, max-snippet:-1, max-image-preview:large, max-video-preview:-1" />
<link rel="canonical" href="https://www.myplacehotel.it/fr/my-place/" />
<meta property="og:locale" content="fr_FR" />
<meta property="og:type" content="article" />
<meta property="og:title" content="My Place - My Place Hotel" />
<meta property="og:description" content="L&rsquo;hôtel My Place, situé à quelques pas de la mer, est entouré de verdure dans un quartier résidentiel unique de Marina Centro, à 15 minutes à pied du centre historique de Rimini et du village pittoresque de San Giuliano. En flânant entre le Port et le Grand Hôtel, entre l&rsquo;Arc d&rsquo;Auguste et le Pont de [&hellip;]" />
<meta property="og:url" content="https://www.myplacehotel.it/fr/my-place/" />
<meta property="og:site_name" content="My Place Hotel" />
<meta property="article:modified_time" content="2022-03-30T08:51:09+00:00" />
<meta property="og:image" content="https://www.myplacehotel.it/wp-content/uploads/2022/02/2022-hotel-esterno.jpg" />
	<meta property="og:image:width" content="2480" />
	<meta property="og:image:height" content="1488" />
	<meta property="og:image:type" content="image/jpeg" />
<meta name="twitter:card" content="summary_large_image" />
<meta name="twitter:label1" content="Durée de lecture estimée" />
	<meta name="twitter:data1" content="2 minutes" />
<script type="application/ld+json" class="yoast-schema-graph">{"@context":"https://schema.org","@graph":[{"@type":"WebPage","@id":"https://www.myplacehotel.it/fr/my-place/","url":"https://www.myplacehotel.it/fr/my-place/","name":"My Place - My Place Hotel","isPartOf":{"@id":"https://www.myplacehotel.it/fr/#website"},"primaryImageOfPage":{"@id":"https://www.myplacehotel.it/fr/my-place/#primaryimage"},"image":{"@id":"https://www.myplacehotel.it/fr/my-place/#primaryimage"},"thumbnailUrl":"https://www.myplacehotel.it/wp-content/uploads/2022/02/2022-hotel-esterno.jpg","datePublished":"2022-03-16T08:42:29+00:00","dateModified":"2022-03-30T08:51:09+00:00","breadcrumb":{"@id":"https://www.myplacehotel.it/fr/my-place/#breadcrumb"},"inLanguage":"fr-FR","potentialAction":[{"@type":"ReadAction","target":["https://www.myplacehotel.it/fr/my-place/"]}]},{"@type":"ImageObject","inLanguage":"fr-FR","@id":"https://www.myplacehotel.it/fr/my-place/#primaryimage","url":"https://www.myplacehotel.it/wp-content/uploads/2022/02/2022-hotel-esterno.jpg","contentUrl":"https://www.myplacehotel.it/wp-content/uploads/2022/02/2022-hotel-esterno.jpg","width":2480,"height":1488},{"@type":"BreadcrumbList","@id":"https://www.myplacehotel.it/fr/my-place/#breadcrumb","itemListElement":[{"@type":"ListItem","position":1,"name":"Home","item":"https://www.myplacehotel.it/fr/"},{"@type":"ListItem","position":2,"name":"My Place"}]},{"@type":"WebSite","@id":"https://www.myplacehotel.it/fr/#website","url":"https://www.myplacehotel.it/fr/","name":"My Place Hotel","description":"","potentialAction":[{"@type":"SearchAction","target":{"@type":"EntryPoint","urlTemplate":"https://www.myplacehotel.it/fr/?s={search_term_string}"},"query-input":{"@type":"PropertyValueSpecification","valueRequired":true,"valueName":"search_term_string"}}],"inLanguage":"fr-FR"}]}</script>
<!-- / Yoast SEO plugin. -->

L&rsquo;hôtel My Place, situé à quelques pas de la mer, est entouré de verdure dans un quartier résidentiel unique de Marina Centro, à 15 minutes à pied du centre historique de Rimini et du village pittoresque de San Giuliano. En flânant entre le Port et le Grand Hôtel, entre l&rsquo;Arc d&rsquo;Auguste et le Pont de [&hellip;]
