{"id":1140,"date":"2022-03-30T11:49:25","date_gmt":"2022-03-30T09:49:25","guid":{"rendered":"https:\/\/www.myplacehotel.it\/?page_id=1140"},"modified":"2023-02-09T16:03:59","modified_gmt":"2023-02-09T15:03:59","slug":"my-rooftop-garden","status":"publish","type":"page","link":"https:\/\/www.myplacehotel.it\/de\/my-rooftop-garden\/","title":{"rendered":"My Rooftop Garden"},"content":{"rendered":"\n<p>Ein Projekt, das nach jahrelangen Ideen und Tr\u00e4umen im <strong>Jahr 2021<\/strong> realisiert wurde.<\/p>\n\n\n\n<p><strong>Die Terrasse ist das Juwel in der Krone von My Place Hotel<\/strong>.<br>Sie wurde in Zusammenarbeit mit hervorragenden Firmen des Made in Italy wie Corradi, Emu und Varaschin entworfen und realisiert.<\/p>\n\n\n\n<div class=\"wp-block-columns is-layout-flex wp-container-core-columns-is-layout-9d6595d7 wp-block-columns-is-layout-flex\">\n<div class=\"wp-block-column wow slideInLeft is-layout-flow wp-block-column-is-layout-flow\">\n<p>Im vierten Stock des Hotels gelegen, haben Sie von hier aus einen Blick auf das Blau unseres Meeres, das Gr\u00fcn der Pinien des Fellini-Parks, auf das charmante Grand Hotel und andere historische Geb\u00e4ude, die Marina Centro, das Herz der Riviera der Romagna, zu einem verf\u00fchrerischen Ort machen.<\/p>\n\n\n\n<p>Und hier befindet sich auch unsere Cocktail Bar, wo Sie bei einem Aperitif, begleitet von den Schatten des Sonnenuntergangs, oder w\u00e4hrend eines Abends inmitten des Glamours der Riviera exzellente Drinks und erlesene Weine schl\u00fcrfen k\u00f6nnen.<\/p>\n<\/div>\n<\/div>\n\n\n\n<figure class=\"wp-block-gallery has-nested-images columns-2 is-cropped wp-block-gallery-1 is-layout-flex wp-block-gallery-is-layout-flex\">\n<figure class=\"wp-block-image size-large\"><img fetchpriority=\"high\" decoding=\"async\" width=\"2480\" height=\"1488\" data-id=\"713\" src=\"https:\/\/www.myplacehotel.it\/wp-content\/uploads\/2021\/05\/TERRAZZA-002B-1.jpg\" alt=\"\" class=\"wp-image-713\" srcset=\"https:\/\/www.myplacehotel.it\/wp-content\/uploads\/2021\/05\/TERRAZZA-002B-1.jpg 2480w, https:\/\/www.myplacehotel.it\/wp-content\/uploads\/2021\/05\/TERRAZZA-002B-1-300x180.jpg 300w, https:\/\/www.myplacehotel.it\/wp-content\/uploads\/2021\/05\/TERRAZZA-002B-1-1024x614.jpg 1024w, https:\/\/www.myplacehotel.it\/wp-content\/uploads\/2021\/05\/TERRAZZA-002B-1-768x461.jpg 768w, https:\/\/www.myplacehotel.it\/wp-content\/uploads\/2021\/05\/TERRAZZA-002B-1-1536x922.jpg 1536w, https:\/\/www.myplacehotel.it\/wp-content\/uploads\/2021\/05\/TERRAZZA-002B-1-2048x1229.jpg 2048w\" sizes=\"(max-width: 2480px) 100vw, 2480px\" \/><\/figure>\n\n\n\n<figure class=\"wp-block-image size-large\"><img decoding=\"async\" width=\"1536\" height=\"2048\" data-id=\"813\" src=\"https:\/\/www.myplacehotel.it\/wp-content\/uploads\/2022\/02\/91228a4c-69f3-4498-be93-5475987df0a1.jpg\" alt=\"\" class=\"wp-image-813\" srcset=\"https:\/\/www.myplacehotel.it\/wp-content\/uploads\/2022\/02\/91228a4c-69f3-4498-be93-5475987df0a1.jpg 1536w, https:\/\/www.myplacehotel.it\/wp-content\/uploads\/2022\/02\/91228a4c-69f3-4498-be93-5475987df0a1-225x300.jpg 225w, https:\/\/www.myplacehotel.it\/wp-content\/uploads\/2022\/02\/91228a4c-69f3-4498-be93-5475987df0a1-768x1024.jpg 768w, https:\/\/www.myplacehotel.it\/wp-content\/uploads\/2022\/02\/91228a4c-69f3-4498-be93-5475987df0a1-1152x1536.jpg 1152w\" sizes=\"(max-width: 1536px) 100vw, 1536px\" \/><\/figure>\n\n\n\n<figure class=\"wp-block-image size-large\"><img decoding=\"async\" width=\"1024\" height=\"768\" data-id=\"838\" src=\"https:\/\/www.myplacehotel.it\/wp-content\/uploads\/2022\/02\/2022-terrazza4-1024x768.jpg\" alt=\"\" class=\"wp-image-838\" srcset=\"https:\/\/www.myplacehotel.it\/wp-content\/uploads\/2022\/02\/2022-terrazza4-1024x768.jpg 1024w, https:\/\/www.myplacehotel.it\/wp-content\/uploads\/2022\/02\/2022-terrazza4-300x225.jpg 300w, https:\/\/www.myplacehotel.it\/wp-content\/uploads\/2022\/02\/2022-terrazza4-768x576.jpg 768w, https:\/\/www.myplacehotel.it\/wp-content\/uploads\/2022\/02\/2022-terrazza4-1600x1200.jpg 1600w, https:\/\/www.myplacehotel.it\/wp-content\/uploads\/2022\/02\/2022-terrazza4-1536x1152.jpg 1536w, https:\/\/www.myplacehotel.it\/wp-content\/uploads\/2022\/02\/2022-terrazza4.jpg 1920w\" sizes=\"(max-width: 1024px) 100vw, 1024px\" \/><\/figure>\n<\/figure>\n","protected":false},"excerpt":{"rendered":"<p>Ein Projekt, das nach jahrelangen Ideen und Tr\u00e4umen im Jahr 2021 realisiert wurde. Die Terrasse ist das Juwel in der Krone von My Place Hotel.Sie wurde in Zusammenarbeit mit hervorragenden Firmen des Made in Italy wie Corradi, Emu und Varaschin entworfen und realisiert. Im vierten Stock des Hotels gelegen, haben Sie von hier aus einen [&hellip;]<\/p>\n","protected":false},"author":1,"featured_media":1657,"parent":0,"menu_order":0,"comment_status":"closed","ping_status":"closed","template":"","meta":{"_acf_changed":false,"footnotes":""},"class_list":["post-1140","page","type-page","status-publish","has-post-thumbnail","hentry"],"acf":[],"yoast_head":"<!-- This site is optimized with the Yoast SEO plugin v27.0 - https:\/\/yoast.com\/product\/yoast-seo-wordpress\/ -->\n<title>My Rooftop Garden - My Place Hotel<\/title>\n<meta name=\"robots\" content=\"index, follow, max-snippet:-1, max-image-preview:large, max-video-preview:-1\" \/>\n<link rel=\"canonical\" href=\"https:\/\/www.myplacehotel.it\/de\/my-rooftop-garden\/\" \/>\n<meta property=\"og:locale\" content=\"de_DE\" \/>\n<meta property=\"og:type\" content=\"article\" \/>\n<meta property=\"og:title\" content=\"My Rooftop Garden - My Place Hotel\" \/>\n<meta property=\"og:description\" content=\"Ein Projekt, das nach jahrelangen Ideen und Tr\u00e4umen im Jahr 2021 realisiert wurde. Die Terrasse ist das Juwel in der Krone von My Place Hotel.Sie wurde in Zusammenarbeit mit hervorragenden Firmen des Made in Italy wie Corradi, Emu und Varaschin entworfen und realisiert. Im vierten Stock des Hotels gelegen, haben Sie von hier aus einen [&hellip;]\" \/>\n<meta property=\"og:url\" content=\"https:\/\/www.myplacehotel.it\/de\/my-rooftop-garden\/\" \/>\n<meta property=\"og:site_name\" content=\"My Place Hotel\" \/>\n<meta property=\"article:modified_time\" content=\"2023-02-09T15:03:59+00:00\" \/>\n<meta property=\"og:image\" content=\"https:\/\/www.myplacehotel.it\/wp-content\/uploads\/2021\/04\/TERRAZZA-004.jpg\" \/>\n\t<meta property=\"og:image:width\" content=\"2480\" \/>\n\t<meta property=\"og:image:height\" content=\"1488\" \/>\n\t<meta property=\"og:image:type\" content=\"image\/jpeg\" \/>\n<meta name=\"twitter:card\" content=\"summary_large_image\" \/>\n<meta name=\"twitter:label1\" content=\"Gesch\u00e4tzte Lesezeit\" \/>\n\t<meta name=\"twitter:data1\" content=\"2\u00a0Minuten\" \/>\n<script type=\"application\/ld+json\" class=\"yoast-schema-graph\">{\"@context\":\"https:\/\/schema.org\",\"@graph\":[{\"@type\":\"WebPage\",\"@id\":\"https:\/\/www.myplacehotel.it\/de\/my-rooftop-garden\/\",\"url\":\"https:\/\/www.myplacehotel.it\/de\/my-rooftop-garden\/\",\"name\":\"My Rooftop Garden - My Place Hotel\",\"isPartOf\":{\"@id\":\"https:\/\/www.myplacehotel.it\/de\/#website\"},\"primaryImageOfPage\":{\"@id\":\"https:\/\/www.myplacehotel.it\/de\/my-rooftop-garden\/#primaryimage\"},\"image\":{\"@id\":\"https:\/\/www.myplacehotel.it\/de\/my-rooftop-garden\/#primaryimage\"},\"thumbnailUrl\":\"https:\/\/www.myplacehotel.it\/wp-content\/uploads\/2023\/03\/7.png\",\"datePublished\":\"2022-03-30T09:49:25+00:00\",\"dateModified\":\"2023-02-09T15:03:59+00:00\",\"breadcrumb\":{\"@id\":\"https:\/\/www.myplacehotel.it\/de\/my-rooftop-garden\/#breadcrumb\"},\"inLanguage\":\"de\",\"potentialAction\":[{\"@type\":\"ReadAction\",\"target\":[\"https:\/\/www.myplacehotel.it\/de\/my-rooftop-garden\/\"]}]},{\"@type\":\"ImageObject\",\"inLanguage\":\"de\",\"@id\":\"https:\/\/www.myplacehotel.it\/de\/my-rooftop-garden\/#primaryimage\",\"url\":\"https:\/\/www.myplacehotel.it\/wp-content\/uploads\/2023\/03\/7.png\",\"contentUrl\":\"https:\/\/www.myplacehotel.it\/wp-content\/uploads\/2023\/03\/7.png\",\"width\":1600,\"height\":900},{\"@type\":\"BreadcrumbList\",\"@id\":\"https:\/\/www.myplacehotel.it\/de\/my-rooftop-garden\/#breadcrumb\",\"itemListElement\":[{\"@type\":\"ListItem\",\"position\":1,\"name\":\"Home\",\"item\":\"https:\/\/www.myplacehotel.it\/de\/\"},{\"@type\":\"ListItem\",\"position\":2,\"name\":\"My Rooftop Garden\"}]},{\"@type\":\"WebSite\",\"@id\":\"https:\/\/www.myplacehotel.it\/de\/#website\",\"url\":\"https:\/\/www.myplacehotel.it\/de\/\",\"name\":\"My Place Hotel\",\"description\":\"\",\"potentialAction\":[{\"@type\":\"SearchAction\",\"target\":{\"@type\":\"EntryPoint\",\"urlTemplate\":\"https:\/\/www.myplacehotel.it\/de\/?s={search_term_string}\"},\"query-input\":{\"@type\":\"PropertyValueSpecification\",\"valueRequired\":true,\"valueName\":\"search_term_string\"}}],\"inLanguage\":\"de\"}]}<\/script>\n<!-- \/ Yoast SEO plugin. -->","yoast_head_json":{"title":"My Rooftop Garden - My Place Hotel","robots":{"index":"index","follow":"follow","max-snippet":"max-snippet:-1","max-image-preview":"max-image-preview:large","max-video-preview":"max-video-preview:-1"},"canonical":"https:\/\/www.myplacehotel.it\/de\/my-rooftop-garden\/","og_locale":"de_DE","og_type":"article","og_title":"My Rooftop Garden - My Place Hotel","og_description":"Ein Projekt, das nach jahrelangen Ideen und Tr\u00e4umen im Jahr 2021 realisiert wurde. Die Terrasse ist das Juwel in der Krone von My Place Hotel.Sie wurde in Zusammenarbeit mit hervorragenden Firmen des Made in Italy wie Corradi, Emu und Varaschin entworfen und realisiert. Im vierten Stock des Hotels gelegen, haben Sie von hier aus einen [&hellip;]","og_url":"https:\/\/www.myplacehotel.it\/de\/my-rooftop-garden\/","og_site_name":"My Place Hotel","article_modified_time":"2023-02-09T15:03:59+00:00","og_image":[{"width":2480,"height":1488,"url":"https:\/\/www.myplacehotel.it\/wp-content\/uploads\/2021\/04\/TERRAZZA-004.jpg","type":"image\/jpeg"}],"twitter_card":"summary_large_image","twitter_misc":{"Gesch\u00e4tzte Lesezeit":"2\u00a0Minuten"},"schema":{"@context":"https:\/\/schema.org","@graph":[{"@type":"WebPage","@id":"https:\/\/www.myplacehotel.it\/de\/my-rooftop-garden\/","url":"https:\/\/www.myplacehotel.it\/de\/my-rooftop-garden\/","name":"My Rooftop Garden - My Place Hotel","isPartOf":{"@id":"https:\/\/www.myplacehotel.it\/de\/#website"},"primaryImageOfPage":{"@id":"https:\/\/www.myplacehotel.it\/de\/my-rooftop-garden\/#primaryimage"},"image":{"@id":"https:\/\/www.myplacehotel.it\/de\/my-rooftop-garden\/#primaryimage"},"thumbnailUrl":"https:\/\/www.myplacehotel.it\/wp-content\/uploads\/2023\/03\/7.png","datePublished":"2022-03-30T09:49:25+00:00","dateModified":"2023-02-09T15:03:59+00:00","breadcrumb":{"@id":"https:\/\/www.myplacehotel.it\/de\/my-rooftop-garden\/#breadcrumb"},"inLanguage":"de","potentialAction":[{"@type":"ReadAction","target":["https:\/\/www.myplacehotel.it\/de\/my-rooftop-garden\/"]}]},{"@type":"ImageObject","inLanguage":"de","@id":"https:\/\/www.myplacehotel.it\/de\/my-rooftop-garden\/#primaryimage","url":"https:\/\/www.myplacehotel.it\/wp-content\/uploads\/2023\/03\/7.png","contentUrl":"https:\/\/www.myplacehotel.it\/wp-content\/uploads\/2023\/03\/7.png","width":1600,"height":900},{"@type":"BreadcrumbList","@id":"https:\/\/www.myplacehotel.it\/de\/my-rooftop-garden\/#breadcrumb","itemListElement":[{"@type":"ListItem","position":1,"name":"Home","item":"https:\/\/www.myplacehotel.it\/de\/"},{"@type":"ListItem","position":2,"name":"My Rooftop Garden"}]},{"@type":"WebSite","@id":"https:\/\/www.myplacehotel.it\/de\/#website","url":"https:\/\/www.myplacehotel.it\/de\/","name":"My Place Hotel","description":"","potentialAction":[{"@type":"SearchAction","target":{"@type":"EntryPoint","urlTemplate":"https:\/\/www.myplacehotel.it\/de\/?s={search_term_string}"},"query-input":{"@type":"PropertyValueSpecification","valueRequired":true,"valueName":"search_term_string"}}],"inLanguage":"de"}]}},"_links":{"self":[{"href":"https:\/\/www.myplacehotel.it\/de\/wp-json\/wp\/v2\/pages\/1140","targetHints":{"allow":["GET"]}}],"collection":[{"href":"https:\/\/www.myplacehotel.it\/de\/wp-json\/wp\/v2\/pages"}],"about":[{"href":"https:\/\/www.myplacehotel.it\/de\/wp-json\/wp\/v2\/types\/page"}],"author":[{"embeddable":true,"href":"https:\/\/www.myplacehotel.it\/de\/wp-json\/wp\/v2\/users\/1"}],"replies":[{"embeddable":true,"href":"https:\/\/www.myplacehotel.it\/de\/wp-json\/wp\/v2\/comments?post=1140"}],"version-history":[{"count":2,"href":"https:\/\/www.myplacehotel.it\/de\/wp-json\/wp\/v2\/pages\/1140\/revisions"}],"predecessor-version":[{"id":1588,"href":"https:\/\/www.myplacehotel.it\/de\/wp-json\/wp\/v2\/pages\/1140\/revisions\/1588"}],"wp:featuredmedia":[{"embeddable":true,"href":"https:\/\/www.myplacehotel.it\/de\/wp-json\/wp\/v2\/media\/1657"}],"wp:attachment":[{"href":"https:\/\/www.myplacehotel.it\/de\/wp-json\/wp\/v2\/media?parent=1140"}],"curies":[{"name":"wp","href":"https:\/\/api.w.org\/{rel}","templated":true}]}}

<p>Ein Projekt, das nach jahrelangen Ideen und Träumen im <strong>Jahr 2021</strong> realisiert wurde.</p>



<p><strong>Die Terrasse ist das Juwel in der Krone von My Place Hotel</strong>.<br>Sie wurde in Zusammenarbeit mit hervorragenden Firmen des Made in Italy wie Corradi, Emu und Varaschin entworfen und realisiert.</p>



<div class="wp-block-columns is-layout-flex wp-container-core-columns-is-layout-9d6595d7 wp-block-columns-is-layout-flex">
<div class="wp-block-column wow slideInLeft is-layout-flow wp-block-column-is-layout-flow">
<p>Im vierten Stock des Hotels gelegen, haben Sie von hier aus einen Blick auf das Blau unseres Meeres, das Grün der Pinien des Fellini-Parks, auf das charmante Grand Hotel und andere historische Gebäude, die Marina Centro, das Herz der Riviera der Romagna, zu einem verführerischen Ort machen.</p>



<p>Und hier befindet sich auch unsere Cocktail Bar, wo Sie bei einem Aperitif, begleitet von den Schatten des Sonnenuntergangs, oder während eines Abends inmitten des Glamours der Riviera exzellente Drinks und erlesene Weine schlürfen können.</p>
</div>
</div>



<figure class="wp-block-gallery has-nested-images columns-2 is-cropped wp-block-gallery-1 is-layout-flex wp-block-gallery-is-layout-flex">
<figure class="wp-block-image size-large"><img fetchpriority="high" decoding="async" width="2480" height="1488" data-id="713" src="https://www.myplacehotel.it/wp-content/uploads/2021/05/TERRAZZA-002B-1.jpg" alt="" class="wp-image-713" srcset="https://www.myplacehotel.it/wp-content/uploads/2021/05/TERRAZZA-002B-1.jpg 2480w, https://www.myplacehotel.it/wp-content/uploads/2021/05/TERRAZZA-002B-1-300x180.jpg 300w, https://www.myplacehotel.it/wp-content/uploads/2021/05/TERRAZZA-002B-1-1024x614.jpg 1024w, https://www.myplacehotel.it/wp-content/uploads/2021/05/TERRAZZA-002B-1-768x461.jpg 768w, https://www.myplacehotel.it/wp-content/uploads/2021/05/TERRAZZA-002B-1-1536x922.jpg 1536w, https://www.myplacehotel.it/wp-content/uploads/2021/05/TERRAZZA-002B-1-2048x1229.jpg 2048w" sizes="(max-width: 2480px) 100vw, 2480px" /></figure>



<figure class="wp-block-image size-large"><img decoding="async" width="1536" height="2048" data-id="813" src="https://www.myplacehotel.it/wp-content/uploads/2022/02/91228a4c-69f3-4498-be93-5475987df0a1.jpg" alt="" class="wp-image-813" srcset="https://www.myplacehotel.it/wp-content/uploads/2022/02/91228a4c-69f3-4498-be93-5475987df0a1.jpg 1536w, https://www.myplacehotel.it/wp-content/uploads/2022/02/91228a4c-69f3-4498-be93-5475987df0a1-225x300.jpg 225w, https://www.myplacehotel.it/wp-content/uploads/2022/02/91228a4c-69f3-4498-be93-5475987df0a1-768x1024.jpg 768w, https://www.myplacehotel.it/wp-content/uploads/2022/02/91228a4c-69f3-4498-be93-5475987df0a1-1152x1536.jpg 1152w" sizes="(max-width: 1536px) 100vw, 1536px" /></figure>



<figure class="wp-block-image size-large"><img decoding="async" width="1024" height="768" data-id="838" src="https://www.myplacehotel.it/wp-content/uploads/2022/02/2022-terrazza4-1024x768.jpg" alt="" class="wp-image-838" srcset="https://www.myplacehotel.it/wp-content/uploads/2022/02/2022-terrazza4-1024x768.jpg 1024w, https://www.myplacehotel.it/wp-content/uploads/2022/02/2022-terrazza4-300x225.jpg 300w, https://www.myplacehotel.it/wp-content/uploads/2022/02/2022-terrazza4-768x576.jpg 768w, https://www.myplacehotel.it/wp-content/uploads/2022/02/2022-terrazza4-1600x1200.jpg 1600w, https://www.myplacehotel.it/wp-content/uploads/2022/02/2022-terrazza4-1536x1152.jpg 1536w, https://www.myplacehotel.it/wp-content/uploads/2022/02/2022-terrazza4.jpg 1920w" sizes="(max-width: 1024px) 100vw, 1024px" /></figure>
</figure>

<p>Ein Projekt, das nach jahrelangen Ideen und Träumen im Jahr 2021 realisiert wurde. Die Terrasse ist das Juwel in der Krone von My Place Hotel.Sie wurde in Zusammenarbeit mit hervorragenden Firmen des Made in Italy wie Corradi, Emu und Varaschin entworfen und realisiert. Im vierten Stock des Hotels gelegen, haben Sie von hier aus einen [&hellip;]</p>

<!-- This site is optimized with the Yoast SEO plugin v27.0 - https://yoast.com/product/yoast-seo-wordpress/ -->
<title>My Rooftop Garden - My Place Hotel</title>
<meta name="robots" content="index, follow, max-snippet:-1, max-image-preview:large, max-video-preview:-1" />
<link rel="canonical" href="https://www.myplacehotel.it/de/my-rooftop-garden/" />
<meta property="og:locale" content="de_DE" />
<meta property="og:type" content="article" />
<meta property="og:title" content="My Rooftop Garden - My Place Hotel" />
<meta property="og:description" content="Ein Projekt, das nach jahrelangen Ideen und Träumen im Jahr 2021 realisiert wurde. Die Terrasse ist das Juwel in der Krone von My Place Hotel.Sie wurde in Zusammenarbeit mit hervorragenden Firmen des Made in Italy wie Corradi, Emu und Varaschin entworfen und realisiert. Im vierten Stock des Hotels gelegen, haben Sie von hier aus einen [&hellip;]" />
<meta property="og:url" content="https://www.myplacehotel.it/de/my-rooftop-garden/" />
<meta property="og:site_name" content="My Place Hotel" />
<meta property="article:modified_time" content="2023-02-09T15:03:59+00:00" />
<meta property="og:image" content="https://www.myplacehotel.it/wp-content/uploads/2021/04/TERRAZZA-004.jpg" />
	<meta property="og:image:width" content="2480" />
	<meta property="og:image:height" content="1488" />
	<meta property="og:image:type" content="image/jpeg" />
<meta name="twitter:card" content="summary_large_image" />
<meta name="twitter:label1" content="Geschätzte Lesezeit" />
	<meta name="twitter:data1" content="2 Minuten" />
<script type="application/ld+json" class="yoast-schema-graph">{"@context":"https://schema.org","@graph":[{"@type":"WebPage","@id":"https://www.myplacehotel.it/de/my-rooftop-garden/","url":"https://www.myplacehotel.it/de/my-rooftop-garden/","name":"My Rooftop Garden - My Place Hotel","isPartOf":{"@id":"https://www.myplacehotel.it/de/#website"},"primaryImageOfPage":{"@id":"https://www.myplacehotel.it/de/my-rooftop-garden/#primaryimage"},"image":{"@id":"https://www.myplacehotel.it/de/my-rooftop-garden/#primaryimage"},"thumbnailUrl":"https://www.myplacehotel.it/wp-content/uploads/2023/03/7.png","datePublished":"2022-03-30T09:49:25+00:00","dateModified":"2023-02-09T15:03:59+00:00","breadcrumb":{"@id":"https://www.myplacehotel.it/de/my-rooftop-garden/#breadcrumb"},"inLanguage":"de","potentialAction":[{"@type":"ReadAction","target":["https://www.myplacehotel.it/de/my-rooftop-garden/"]}]},{"@type":"ImageObject","inLanguage":"de","@id":"https://www.myplacehotel.it/de/my-rooftop-garden/#primaryimage","url":"https://www.myplacehotel.it/wp-content/uploads/2023/03/7.png","contentUrl":"https://www.myplacehotel.it/wp-content/uploads/2023/03/7.png","width":1600,"height":900},{"@type":"BreadcrumbList","@id":"https://www.myplacehotel.it/de/my-rooftop-garden/#breadcrumb","itemListElement":[{"@type":"ListItem","position":1,"name":"Home","item":"https://www.myplacehotel.it/de/"},{"@type":"ListItem","position":2,"name":"My Rooftop Garden"}]},{"@type":"WebSite","@id":"https://www.myplacehotel.it/de/#website","url":"https://www.myplacehotel.it/de/","name":"My Place Hotel","description":"","potentialAction":[{"@type":"SearchAction","target":{"@type":"EntryPoint","urlTemplate":"https://www.myplacehotel.it/de/?s={search_term_string}"},"query-input":{"@type":"PropertyValueSpecification","valueRequired":true,"valueName":"search_term_string"}}],"inLanguage":"de"}]}</script>
<!-- / Yoast SEO plugin. -->

Ein Projekt, das nach jahrelangen Ideen und Träumen im Jahr 2021 realisiert wurde. Die Terrasse ist das Juwel in der Krone von My Place Hotel.Sie wurde in Zusammenarbeit mit hervorragenden Firmen des Made in Italy wie Corradi, Emu und Varaschin entworfen und realisiert. Im vierten Stock des Hotels gelegen, haben Sie von hier aus einen [&hellip;]
